p) + 5*t(p). Let d = 52 - 29. What are the prime factors of c(d)?
3
Let q(s) = 12 - 21 + 105*s - 3 + 11*s. List the prime factors of q(2).
2, 5, 11
Suppose -a - 14 = -3*u, -3*u + 25 = 2*u. Suppose -n - a = -6. Suppose 0 = n*s - 0*s - 370. List the prime factors of s.
2, 37
Suppose 96*a - 698478 = -18*a. What are the prime factors of a?
11, 557
Let l(g) be the second derivative of 3*g**3 - 39*g**2 + 179*g. What are the prime factors of l(47)?
2, 3
What are the prime factors of (-1840)/(-276)*(413 - -1)?
2, 3, 5, 23
List the prime factors of -1 + (2 + (-18)/15)/(2/75595).
3, 10079
Let b(v) = 14*v - 83 - 32*v - 63*v - 83 + 26. What are the prime factors of b(-9)?
19, 31
Let i(d) = -d**3 + 46*d**2 - 62*d + 112. List the prime factors of i(32).
2, 19, 41
Let q = -81 - -85. Suppose q*j = -3*l + 1721, -4*j + l + 181 + 1528 = 0. List the prime factors of j.
2, 107
Suppose -11*o + 12*o = -5, -4*h + 2*o + 35610 = 0. Suppose -24*v = -h - 844. What are the prime factors of v?
2, 7, 29
Suppose 5*u - 5*o = -2*o + 2040, -5*u = -o - 2050. Suppose -w + u = 163. List the prime factors of w.
2, 31
Let q(b) = 85*b**3 + b**2 - 18*b + 70. List the prime factors of q(4).
2, 3, 101
Suppose 51*p - 98420 = 47*p. Suppose -17*i - p = -54*i. What are the prime factors of i?
5, 7, 19
Let a(b) = 4*b**2 + 7*b + 2. Let v be a(-5). Suppose 3*j - v = 4*j. Let z = j + 97. List the prime factors of z.
2, 3, 5
Let d(a) = -a**3 + 63*a**2 - 279*a + 9. List the prime factors of d(26).
109, 163
Let q(r) = 367*r**2 + 2*r + 54. What are the prime factors of q(-5)?
3, 7, 439
Suppose 5*k - 137 = x, -2 = -5*k + 3*k. Let i = x + 637. Suppose -5*b + 2*b + i = 4*q, 177 = b - 3*q. List the prime factors of b.
3, 19
Let j(g) = g**3 + 5*g**2 + 7*g + 16. Let t be j(-5). Let i = 21 + t. Suppose -i*r - 4*x + 315 + 51 = 0, -2*r + 364 = 2*x. List the prime factors of r.
181
Let g = 54140 + -28205. List the prime factors of g.
3, 5, 7, 13, 19
Suppose 2*t = 146*f - 148*f + 2500, -2*t = -f - 2506. List the prime factors of t.
2, 313
Let u be (-9)/(-12)*156 + 7. Let b be 1 - (-3)/(1 + 0). Suppose b*g - u = 152. List the prime factors of g.
3, 23
Let v(i) = -i**3 - 11*i**2 - 8*i + 9. Let j be v(10). Let x = j - -1225. What are the prime factors of (1 - (-10)/(-6)) + x/(-6)?
157
Let w(f) be the first derivative of -f**4/4 - 5*f**3 + 13*f + 28. Let s be w(-15). Let q = s - 3. List the prime factors of q.
2, 5
Let s = 173 - -125. Let q(w) = -40*w + 1538. Let y be q(40). Let k = y + s. What are the prime factors of k?
2, 59
Let f = -49450 - -83354. List the prime factors of f.
2, 13, 163
Let p(j) = 2*j + 27 - 4*j + 0*j - 2*j. Let q be p(7). Let m(o) = -78*o - 4. List the prime factors of m(q).
2, 37
Suppose 846582 = -12*m + 45*m. What are the prime factors of m?
2, 101, 127
Suppose d = -2, -2*s + 17*d = 13*d - 7634. What are the prime factors of s?
3, 31, 41
Let h(i) = -122*i - 40 + 27*i + 46. List the prime factors of h(-1).
101
Let h = 386 - 384. List the prime factors of (1/h)/((40/18448)/5).
1153
Suppose 0 = -6*n + 3*n + 5*a + 105, 0 = 3*a. Let v(t) = -2*t**2 + 94*t + 5. Let m be v(47). Suppose n + 5 = m*q. List the prime factors of q.
2
Let p = 58151 - 35433. List the prime factors of p.
2, 37, 307
What are the prime factors of (-13515)/(-34)*(-264)/(-9)?
2, 5, 11, 53
Let l(v) = 216*v**3 + 3*v**2 - v. Let i be l(1). Let d = -131 + i. Suppose s + h - 46 = 0, 0*s + 2*s - d = 3*h. List the prime factors of s.
3, 5
Let t(j) = -6*j**2 + 784*j - 184. What are the prime factors of t(90)?
2, 1361
Suppose -4*l + 41*l = -29*l + 396924. List the prime factors of l.
2, 31, 97
Let v(i) = -i**3 - 14*i**2 - 16*i + 4. Let z be v(-13). Suppose 0 = -5*s - 2*d - 179, 2*d = 3*s - 3*d + 95. Let p = s + z. What are the prime factors of p?
2
Let k be ((-21)/14)/(3/(-738)). Let v = 934 - k. List the prime factors of v.
5, 113
Suppose 5 = -c, -3 - 32 = -2*q + c. Suppose -q*z + z = -3388. Let j = z + -93. List the prime factors of j.
149
Suppose 2*n + l + 5703 = 7*n, -n = 3*l - 1131. Suppose 8*g - n - 468 = 0. What are the prime factors of g*(30/9 + -3)?
67
Let y(o) = 14*o - 22. Let n(d) = -d + 2. Let t(j) = -18*n(j) - 2*y(j). List the prime factors of t(-22).
2, 3, 19
Suppose 0 = -31*u + 13686 + 198071 + 65290. What are the prime factors of u?
3, 331
Let v = -99 + 68. Let d = 33 + v. Suppose -b - 431 = -5*x, x + d*b - 108 + 24 = 0. What are the prime factors of x?
2, 43
Let i(u) = u**3 - 2*u**2 + 6*u - 804. Let t(g) = -2*g**3 + 5*g**2 - 13*g + 1609. Let m(f) = -5*i(f) - 2*t(f). What are the prime factors of m(0)?
2, 401
What are the prime factors of (-40)/(-60) + (2570925/9)/7?
3, 61, 223
Suppose -s + 53 = 3*s - c, -3*c - 3 = s. Let i be (-10)/8 - (-3)/s. List the prime factors of 43 + i - (2 - -2).
2, 19
Let p be -6 + 4445/(6 - -1). Let q = 1100 - p. What are the prime factors of q?
3, 157
Let l = -220 + 236. Let c = 82 + l. What are the prime factors of c?
2, 7
Suppose -2*b - 438 = -2130. Let m = -441 + b. Suppose 2*f - m = -125. What are the prime factors of f?
2, 5, 7
Let o be (-2 + 12)/2*-3. Let f = -1177 + 1180. What are the prime factors of f*((-395)/o + -3)?
2, 5, 7
Let q be (101/(-5) - -7)/((-1)/(-15)). Let y = 100 - q. List the prime factors of y.
2, 149
Suppose 0 = -164*i + 168*i + 2*c - 15090, 5*i + 5*c - 18865 = 0. What are the prime factors of i?
2, 23, 41
Let c(r) = -20782*r - 183. What are the prime factors of c(-1)?
20599
Let i = -29 + 36. What are the prime factors of (-4)/18 + (i - (-6660)/81)?
89
Let w = -7211 - -13986. What are the prime factors of w?
5, 271
Let i = -25183 - -36321. List the prime factors of i.
2, 5569
Suppose 21 = n - 3*o - 0*o, 0 = 4*n - 3*o - 48. Let b be ((n/(-3))/1)/(-3). Let k(x) = 39*x**3 + x**2 - x. What are the prime factors of k(b)?
3, 13
Let x = -196 - -350. Suppose 8*m - x = 1534. List the prime factors of m.
211
Let l be (-1)/(5/10)*-1. Suppose -5*g + 11 = -l*v, 5*g + 11*v - 6*v - 25 = 0. List the prime factors of (-891)/(-3) - (g - 5).
13, 23
Let t = 12056 - -11506. What are the prime factors of t?
2, 3, 7, 11, 17
Let m(q) = 3*q + 91. Let a be -2*(1 - (-10 - 0 - -2)). Let f = a + 18. List the prime factors of m(f).
7, 13
Suppose -d + 26 = 5*y + 6, 27 = 3*d + 4*y. Suppose -81*z + 2097 = -1548. Suppose -d*q = -z + 20. What are the prime factors of q?
5
Let m = -579 - -16321. What are the prime factors of m?
2, 17, 463
Suppose -95 = -2*l + 801. Suppose 0 = m - 2*d - 92, l = 5*m + 4*d - 2*d. What are the prime factors of m?
2, 3, 5
Suppose 0 = 4*b + 469 - 489. Let f = -2 - -5. Suppose -2*t - b*m = -61, -5*t + f*m + 100 = -2*m. What are the prime factors of t?
23
Let p be (-19 - -1)*(8 - 6). What are the prime factors of (p/42)/((-1)/14)?
2, 3
Let b(c) = c**3 + 26*c**2 + 14*c - 8. Suppose 23*t + 152 = 4*t. What are the prime factors of b(t)?
2, 3, 43
Let f be (9 - 5) + 8 + (-24)/6. What are the prime factors of 113*(5 - (f - 10))?
7, 113
Suppose 0 = -9*l - 50 + 257. Suppose 4*f = l*f - 8474. List the prime factors of f.
2, 223
Let q(k) = -13*k**2 + 224*k - 13. List the prime factors of q(14).
5, 23
Let t = 153 + -149. Let c(s) = 111*s - 39. List the prime factors of c(t).
3, 5
Let x = 1088 + -280. Let p = x - 415. List the prime factors of p.
3, 131
Let x(o) = 28 - 23*o + 32*o - 13*o. Suppose -2*b + 15 - 5 = 0. What are the prime factors of x(b)?
2
Let l(c) = 10*c + 20 + 36 - 85. Let y be l(7). Suppose -87 = -3*k + 4*u, -2*k - 2*u + y = u. List the prime factors of k.
5
Let u(j) = 112*j**2 - 52*j - 384. List the prime factors of u(-19).
2, 10259
Let l = 9693 - -60181. Suppose -72*m + l = -23*m. List the prime factors of m.
2, 23, 31
Suppose 0 = -5*k - 9*l + 197473, -113*k - 3*l - 39461 = -114*k. What are the prime factors of k?
2, 19, 1039
Suppose 8*b - 842 = 150. Let k be (-1)/(-1 + b/120). List the prime factors of (-759)/(-15) - 12/k.
3, 17
Suppose -2*l = 2*i + 40, l = -3*i - 0*i - 30. Let d = -10 - l. Suppose 7*h + d*h = 1200. List the prime factors of h.
2, 5
Suppose 2*i + 24 = -4*m, 28*i - 29*i = -m - 6. What are the prime factors of ((-3846)/m - 2) + 1 + -7?
3, 211
Suppose 2318 + 13074 = 13*f. Let k(t) = -69*t**3 + t**2 - t - 2. Let v be k(-2). Suppose -f = -10*c + v. What are the prime factors of c?
2, 3, 29
Suppose 0 = 302*g + 6648673 - 19483731 - 9675720. List the pri